{"id":10840,"date":"2025-04-07T23:00:03","date_gmt":"2025-04-07T21:00:03","guid":{"rendered":"https:\/\/levriers-du-sud.org\/boutique\/?page_id=10840"},"modified":"2025-06-15T18:31:38","modified_gmt":"2025-06-15T16:31:38","slug":"les-sacs-pochettes","status":"publish","type":"page","link":"https:\/\/levriers-du-sud.org\/boutique\/les-sacs-pochettes\/","title":{"rendered":"<h1><span style=\"color: #eb542b;\"><strong>LES SACS &#038; POCHETTES<\/strong><\/span><\/h1>"},"content":{"rendered":"<p>Pour toutes commandes ou questions, veuillez nous envoyer le nom de l&rsquo;article concern\u00e9 par mail \u00e0 <a href=\"mailto:boutiquelds@gmail.com\">boutiquelds@gmail.com<\/a> et suivre les instructions que vous trouverez dans l&rsquo;onglet <a href=\"https:\/\/levriers-du-sud.org\/boutique\/commander\/\">\u00ab\u00a0COMMANDER\u00a0\u00bb<\/a><\/p>\n<p>&nbsp;<\/p>\n<section style=\"max-width: 1000px; margin: 40px auto;\">\n<h2 style=\"color: #eb542b; font-size: 28px; margin-bottom: 20px;\">LES POCHETTES POUR T\u00c9L\u00c9PHONE<\/h2>\n<p>Cette petite pochette \u00e0 bandouli\u00e8re, \u00e0 l&rsquo;effigie de L\u00e9vriers du Sud, confectionn\u00e9 par <a href=\"https:\/\/www.facebook.com\/Angelyss33\">Oph\u00e9lie<\/a> vous permet de garder votre t\u00e9l\u00e9phone au plus proche de vous en toute s\u00e9curit\u00e9.<\/p>\n<p>Il se porte sur le c\u00f4t\u00e9, sous le bras, autour du cou\u2026 chacun son style, il saura s\u2019adapter !<\/p>\n<div style=\"display: flex; flex-wrap: wrap; gap: 20px; align-items: center; background-color: #fff3ed; padding: 20px; border-radius: 10px; box-shadow: 0 4px 8px rgba(0,0,0,0.05);\">\n<div style=\"flex: 1; min-width: 280px; text-align: center;\"><img decoding=\"async\" style=\"max-width: 100%; height: auto; border-radius: 8px;\" src=\"https:\/\/levriers-du-sud.org\/boutique\/wp-content\/uploads\/2025\/05\/Pochettes-bandouliere-telephone-LDS-7E-fdp-2-300x300.jpg\" alt=\"POCHETTE POUR TELEPHONE\" \/><br \/>\n<img decoding=\"async\" src=\"https:\/\/levriers-du-sud.org\/boutique\/wp-content\/uploads\/2025\/04\/Pochette-bandouliere-telephone-LDS-n\u00b04-7E-fdp-163x300.jpg\" \/><br \/>\n<img decoding=\"async\" src=\"https:\/\/levriers-du-sud.org\/boutique\/wp-content\/uploads\/2025\/05\/Pochettes-bandouliere-telephone-LDS-7E-fdp-300x192.jpg\" \/><br \/>\n<img decoding=\"async\" src=\"https:\/\/levriers-du-sud.org\/boutique\/wp-content\/uploads\/2025\/04\/Pochette-bandouliere-telephone-LDS-n\u00b04-7E-fdp-2-rotated.jpg\" \/><\/div>\n<div style=\"flex: 2; min-width: 280px;\">\n<p style=\"font-size: 18px;\">Petite pochette \u00e0 bandouli\u00e8re pour t\u00e9l\u00e9phone<\/p>\n<p>7 \u20ac l\u2019unit\u00e9 + frais de port (vendue vide)<\/p>\n<p><a style=\"display: inline-block; width: 160px; margin-top: 10px; background-color: #eb542b; color: white; padding: 10px 20px; border-radius: 6px; text-decoration: none; text-align: center;\" href=\"https:\/\/levriers-du-sud.org\/boutique\/commander\/\">Commander<\/a><\/p>\n<\/div>\n<\/div>\n<\/section>\n<section style=\"max-width: 1000px; margin: 40px auto;\">\n<h2 style=\"color: #eb542b; font-size: 28px; margin-bottom: 20px;\">LES POCHETTES \u00c0 LIVRES<\/h2>\n<p>Cette jolie pochette personnalis\u00e9e L\u00e9vriers du Sud accompagn\u00e9e de son marque-page est confectionn\u00e9e par<br \/>\n<a href=\"https:\/\/www.facebook.com\/Angelyss33\" target=\"_blank\" rel=\"noopener noreferrer\">Oph\u00e9lie<\/a><br \/>\net vous permettra de prot\u00e9ger et transporter vos petits et grands livres.<\/p>\n<p><strong>5 \u20ac<\/strong> l&rsquo;unit\u00e9 + frais de port<\/p>\n<p>Existe en trois tailles :<\/p>\n<ul>\n<li><strong>S \u2013 format poche<\/strong> : 15 cm x 21 cm<\/li>\n<li><strong>M \u2013 livre broch\u00e9<\/strong> : 18 cm x 26 cm<\/li>\n<li><strong>L \u2013 gros livre<\/strong> : 22 cm x 28 cm<\/li>\n<\/ul>\n<section style=\"max-width: 1000px; margin: 40px auto;\">\n<div style=\"display: flex; flex-wrap: wrap; gap: 20px; align-items: center; background-color: #fff3ed; padding: 20px; border-radius: 10px; box-shadow: 0 4px 8px rgba(0,0,0,0.05);\">\n<div style=\"flex: 1; min-width: 280px; text-align: center;\"><img decoding=\"async\" style=\"max-width: 100%; height: auto; border-radius: 8px;\" src=\"https:\/\/levriers-du-sud.org\/boutique\/wp-content\/uploads\/2025\/05\/1-Pochette-livre-LDS-N\u00b04-Taille-S-5E-fdp-presentation-scaled.jpg\" alt=\"pochette livre n\u00b04 taille S\" \/><\/div>\n<div style=\"flex: 2; min-width: 280px;\">\n<p style=\"font-size: 18px;\">Pochette n\u00b04 \u2013 Taille S (5\u20ac + fdp)<\/p>\n<p><a style=\"display: inline-block; width: 160px; margin-top: 10px; background-color: #eb542b; color: white; padding: 10px 20px; border-radius: 6px; text-decoration: none; text-align: center;\" href=\"https:\/\/levriers-du-sud.org\/boutique\/commander\/\">Commander<\/a><\/p>\n<\/div>\n<\/div>\n<\/section>\n<h3 style=\"margin-top: 40px;\">Taille M \u2013 livre broch\u00e9<\/h3>\n<div style=\"display: flex; flex-wrap: wrap; gap: 20px; align-items: center; background-color: #fff3ed; padding: 20px; border-radius: 10px; box-shadow: 0 4px 8px rgba(0,0,0,0.05);\">\n<div style=\"flex: 1; min-width: 280px; text-align: center;\"><img decoding=\"async\" style=\"max-width: 100%; height: auto; border-radius: 8px;\" src=\"https:\/\/levriers-du-sud.org\/boutique\/wp-content\/uploads\/2025\/05\/2-Pochette-livre-LDS-N\u00b02-Taille-M-5E-fdp-presentation-scaled.jpg\" alt=\"pochette livre taille M\" \/><\/div>\n<div style=\"flex: 2; min-width: 280px;\">\n<p style=\"font-size: 18px;\">Pochette n\u00b02 \u2013 Taille M (5\u20ac + fdp)<\/p>\n<p><a style=\"display: inline-block; width: 160px; margin-top: 10px; background-color: #eb542b; color: white; padding: 10px 20px; border-radius: 6px; text-decoration: none; text-align: center;\" href=\"https:\/\/levriers-du-sud.org\/boutique\/commander\/\">Commander<\/a><\/p>\n<\/div>\n<\/div>\n<\/section>\n<section style=\"max-width: 1000px; margin: 40px auto;\">\n<div style=\"display: flex; flex-wrap: wrap; gap: 20px; align-items: center; background-color: #fff3ed; padding: 20px; border-radius: 10px; box-shadow: 0 4px 8px rgba(0,0,0,0.05);\">\n<div style=\"flex: 1; min-width: 280px; text-align: center;\"><img decoding=\"async\" style=\"max-width: 100%; height: auto; border-radius: 8px;\" src=\" https:\/\/levriers-du-sud.org\/boutique\/wp-content\/uploads\/2025\/05\/2-Pochette-livre-LDS-N\u00b03-Taille-M-5E-fdp-presentation-scaled.jpg\" alt=\"pochette livre taille M\" \/><\/div>\n<div style=\"flex: 2; min-width: 280px;\">\n<p style=\"font-size: 18px;\">Pochette n\u00b03 \u2013 Taille M (5\u20ac + fdp)<\/p>\n<p><a style=\"display: inline-block; width: 160px; margin-top: 10px; background-color: #eb542b; color: white; padding: 10px 20px; border-radius: 6px; text-decoration: none; text-align: center;\" href=\"https:\/\/levriers-du-sud.org\/boutique\/commander\/\">Commander<\/a><\/p>\n<\/div>\n<\/div>\n<\/section>\n<section style=\"max-width: 1000px; margin: 40px auto;\">\n<div style=\"display: flex; flex-wrap: wrap; gap: 20px; align-items: center; background-color: #fff3ed; padding: 20px; border-radius: 10px; box-shadow: 0 4px 8px rgba(0,0,0,0.05);\">\n<div style=\"flex: 1; min-width: 280px; text-align: center;\"><img decoding=\"async\" style=\"max-width: 100%; height: auto; border-radius: 8px;\" src=\"https:\/\/levriers-du-sud.org\/boutique\/wp-content\/uploads\/2025\/05\/2-Pochette-livre-LDS-N\u00b04-Taille-M-5E-fdp-presentation-scaled.jpg\" alt=\"pochette livre taille M\" \/><\/div>\n<div style=\"flex: 2; min-width: 280px;\">\n<p style=\"font-size: 18px;\">Pochette n\u00b04 \u2013 Taille M (5\u20ac + fdp)<\/p>\n<p><a style=\"display: inline-block; width: 160px; margin-top: 10px; background-color: #eb542b; color: white; padding: 10px 20px; border-radius: 6px; text-decoration: none; text-align: center;\" href=\"https:\/\/levriers-du-sud.org\/boutique\/commander\/\">Commander<\/a><\/p>\n<\/div>\n<\/div>\n<\/section>\n<section style=\"max-width: 1000px; margin: 40px auto;\">\n<h2 style=\"color: #eb542b; font-size: 28px; margin-bottom: 20px;\">LES POCHHETTES ZIPPEES<\/h2>\n<p>De grandes pochettes de<strong> 30 cm x 21 cm<\/strong>\u00a0personnalis\u00e9es <strong><em>LDS <\/em><\/strong>o\u00f9 vous pourrez ranger plein de chose comme le carnet de sant\u00e9 de votre compagnon, ses m\u00e9dicaments, vos papiers importants ou tout autre objet qui vous suit partout.<br \/>\n<strong>15 \u20ac <\/strong>l&rsquo;unit\u00e9 + 3 \u20ac de frais de port<\/p>\n<div style=\"display: flex; flex-wrap: wrap; gap: 20px; align-items: center; background-color: #fff3ed; padding: 20px; border-radius: 10px; box-shadow: 0 4px 8px rgba(0,0,0,0.05);\">\n<div style=\"flex: 1; min-width: 280px; text-align: center;\"><img decoding=\"async\" style=\"max-width: 100%; height: auto; border-radius: 8px;\" src=\"https:\/\/levriers-du-sud.org\/boutique\/wp-content\/uploads\/2024\/10\/Pochettes-Galgos-rigolos-30x21cm-1-225x300.jpg\" alt=\"Pochette zippees\" \/><br \/>\n<img decoding=\"async\" src=\"https:\/\/levriers-du-sud.org\/boutique\/wp-content\/uploads\/2024\/10\/Pochettes-Galgos-rigolos-30x21cm-3-169x300.jpg\" \/><br \/>\n<img decoding=\"async\" src=\"https:\/\/levriers-du-sud.org\/boutique\/wp-content\/uploads\/2024\/10\/Pochettes-Galgos-rigolos-30x21cm-2-300x228.jpg\" \/><br \/>\n<img decoding=\"async\" src=\"https:\/\/levriers-du-sud.org\/boutique\/wp-content\/uploads\/2024\/10\/Pochettes-Galgos-rigolos-30x21cm-4-300x169.jpg\" \/><\/div>\n<div style=\"flex: 2; min-width: 280px;\">\n<p style=\"font-size: 18px;\">Au choix :<\/p>\n<p>Vert zip vert PLUS DISPONIBLE<\/p>\n<p>Bleu zip violet<\/p>\n<p>Bleu zip lavande<\/p>\n<p>Taupe zip bleu<\/p>\n<p>Taupe zip rose<\/p>\n<p>Corail zip rouge<\/p>\n<p>Corail zip orange<\/p>\n<p><a style=\"display: inline-block; width: 160px; margin-top: 10px; background-color: #eb542b; color: white; padding: 10px 20px; border-radius: 6px; text-decoration: none; text-align: center;\" href=\"https:\/\/levriers-du-sud.org\/boutique\/commander\/\">Commander<\/a><\/p>\n<\/div>\n<\/div>\n<\/section>\n<h2 style=\"color: #eb542b; font-size: 28px; margin-bottom: 20px;\">LES SACS A DOS<\/h2>\n<p>Sacs \u00e0 dos en polyester avec cordon mesurant <strong>36 cm x 40 cm<\/strong> personnalis\u00e9s\u00a0<em><strong>L\u00e9vriers du Sud<\/strong><\/em><\/p>\n<div style=\"display: flex; flex-wrap: wrap; gap: 20px; align-items: center; background-color: #fff3ed; padding: 20px; border-radius: 10px; box-shadow: 0 4px 8px rgba(0,0,0,0.05);\">\n<div style=\"flex: 1; min-width: 280px; text-align: center;\"><img decoding=\"async\" style=\"max-width: 100%; height: auto; border-radius: 8px;\" src=\"https:\/\/levriers-du-sud.org\/boutique\/wp-content\/uploads\/2024\/10\/Sac-a-dos-LDS-225x300.jpg\" alt=\"Sac \u00e0 dos\" \/><br \/>\n<div style=\"width: 800px;\" class=\"wp-video\"><!--[if lt IE 9]><script>document.createElement('video');<\/script><![endif]-->\n<video class=\"wp-video-shortcode\" id=\"video-10840-1\" width=\"800\" height=\"1422\" preload=\"metadata\" controls=\"controls\"><source type=\"video\/mp4\" src=\"https:\/\/levriers-du-sud.org\/boutique\/wp-content\/uploads\/2025\/04\/Presentation-Sacs-a-dos-LDS.mp4?_=1\" \/><a href=\"https:\/\/levriers-du-sud.org\/boutique\/wp-content\/uploads\/2025\/04\/Presentation-Sacs-a-dos-LDS.mp4\">https:\/\/levriers-du-sud.org\/boutique\/wp-content\/uploads\/2025\/04\/Presentation-Sacs-a-dos-LDS.mp4<\/a><\/video><\/div><\/p>\n<\/div>\n<\/div>\n","protected":false},"excerpt":{"rendered":"<p>Pour toutes commandes ou questions, veuillez nous envoyer le nom de l&rsquo;article concern\u00e9 par mail \u00e0 boutiquelds@gmail.com et suivre les<\/p>\n","protected":false},"author":2,"featured_media":0,"parent":0,"menu_order":0,"comment_status":"closed","ping_status":"closed","template":"","meta":{"footnotes":""},"class_list":["post-10840","page","type-page","status-publish","hentry"],"_links":{"self":[{"href":"https:\/\/levriers-du-sud.org\/boutique\/wp-json\/wp\/v2\/pages\/10840"}],"collection":[{"href":"https:\/\/levriers-du-sud.org\/boutique\/wp-json\/wp\/v2\/pages"}],"about":[{"href":"https:\/\/levriers-du-sud.org\/boutique\/wp-json\/wp\/v2\/types\/page"}],"author":[{"embeddable":true,"href":"https:\/\/levriers-du-sud.org\/boutique\/wp-json\/wp\/v2\/users\/2"}],"replies":[{"embeddable":true,"href":"https:\/\/levriers-du-sud.org\/boutique\/wp-json\/wp\/v2\/comments?post=10840"}],"version-history":[{"count":49,"href":"https:\/\/levriers-du-sud.org\/boutique\/wp-json\/wp\/v2\/pages\/10840\/revisions"}],"predecessor-version":[{"id":11215,"href":"https:\/\/levriers-du-sud.org\/boutique\/wp-json\/wp\/v2\/pages\/10840\/revisions\/11215"}],"wp:attachment":[{"href":"https:\/\/levriers-du-sud.org\/boutique\/wp-json\/wp\/v2\/media?parent=10840"}],"curies":[{"name":"wp","href":"https:\/\/api.w.org\/{rel}","templated":true}]}}