{"id":11228,"date":"2025-06-26T13:48:26","date_gmt":"2025-06-26T11:48:26","guid":{"rendered":"https:\/\/levriers-du-sud.org\/boutique\/?page_id=11228"},"modified":"2025-07-18T12:06:02","modified_gmt":"2025-07-18T10:06:02","slug":"15-ans-levrier-du-sud","status":"publish","type":"page","link":"https:\/\/levriers-du-sud.org\/boutique\/15-ans-levrier-du-sud\/","title":{"rendered":"<h1><span style=\"color: #eb542b;\"><strong>15 ANS LEVRIER DU SUD<\/strong><\/span><\/h1>"},"content":{"rendered":"<section style=\"max-width: 1000px; margin: 40px auto;\">\n<h2 style=\"color: #eb542b; font-size: 28px; margin-bottom: 20px;\">L\u00e9vriers du Sud f\u00eate ses 15 ans !<\/h2>\n<p>Cette ann\u00e9e, notre association c\u00e9l\u00e8bre 15 ann\u00e9es de sauvetages, de rencontres, de combats, et surtout&#8230; d&rsquo;amour pour les l\u00e9vriers.<\/p>\n<p>\u00c0 cette occasion, nous avons cr\u00e9\u00e9 une collection sp\u00e9ciale, marqu\u00e9e d\u2019un logo anniversaire unique, dessin\u00e9 avec c\u0153ur par notre \u00e9quipe.<\/p>\n<p>T-shirts, mugs, gobelets\u2026 chaque article porte fi\u00e8rement ce symbole de notre engagement.<\/p>\n<p>En les portant, vous soutenez notre cause tout en c\u00e9l\u00e9brant avec nous cette belle aventure humaine et canine.<\/p>\n<p>Merci d\u2019\u00eatre \u00e0 nos c\u00f4t\u00e9s depuis toutes ces ann\u00e9es<\/p>\n<\/section>\n<p>Pour toute commande ou renseignement, envoyez-nous un mail \u00e0 boutiquelds@gmail.com ou rendez-vous sur l&rsquo;onglet \u00ab\u00a0COMMANDER\u00a0\u00bb<\/p>\n<section style=\"max-width: 1000px; margin: 40px auto;\">\n<div style=\"display: flex; flex-wrap: wrap; gap: 20px; align-items: center; background-color: #fff3ed; padding: 20px; border-radius: 10px; box-shadow: 0 4px 8px rgba(0,0,0,0.05);\">\n<div style=\"flex: 1; min-width: 280px; text-align: center;\"><img decoding=\"async\" style=\"width: 300px; height: 300px; object-fit: cover; border-radius: 8px;\" src=\"https:\/\/levriers-du-sud.org\/boutique\/wp-content\/uploads\/2025\/06\/Autocollants-15-ans-4E-fdp-1-scaled.jpg\" \/><\/div>\n<div style=\"flex: 2; min-width: 280px;\">\n<p style=\"font-size: 18px;\">Autocollant des <em><strong>15 ans L\u00e9vriers du Sud<\/strong><\/em><\/p>\n<p style=\"font-size: 20px; font-weight: bold; color: #eb542b;\">4 \u20ac l&rsquo;unit\u00e9 + frais de port<\/p>\n<p><a style=\"display: inline-block; width: 160px; margin-top: 10px; background-color: #eb542b; color: white; padding: 10px 20px; border-radius: 6px; text-decoration: none; text-align: center;\" href=\"https:\/\/levriers-du-sud.org\/boutique\/commander\/\">Commander<\/a><\/p>\n<\/div>\n<\/div>\n<\/section>\n<section style=\"max-width: 1000px; margin: 40px auto;\">\n<div style=\"display: flex; flex-wrap: wrap; gap: 20px; align-items: center; background-color: #fff3ed; padding: 20px; border-radius: 10px; box-shadow: 0 4px 8px rgba(0,0,0,0.05);\">\n<div style=\"flex: 1; min-width: 280px; text-align: center;\"><img decoding=\"async\" style=\"width: 300px; height: 300px; object-fit: cover; border-radius: 8px;\" src=\"https:\/\/levriers-du-sud.org\/boutique\/wp-content\/uploads\/2025\/06\/Casquette-noire-15-ans-avant-10E-fdp.jpg\" alt=\"CASQUETTE \" \/><br \/>\n<img decoding=\"async\" style=\"width: 300px; height: 300px; object-fit: cover; border-radius: 8px;\" src=\"https:\/\/levriers-du-sud.org\/boutique\/wp-content\/uploads\/2025\/06\/Casquette-noire-15-ans-arriere-10E-fdp.jpg\" \/><\/div>\n<div style=\"flex: 2; min-width: 280px;\">\n<p style=\"font-size: 18px;\">La casquette <em><strong>15 ans L\u00e9vriers du Sud<\/strong><\/em><\/p>\n<p style=\"font-size: 20px; font-weight: bold; color: #eb542b;\">10 \u20ac + frais de port<\/p>\n<p><a style=\"display: inline-block; width: 160px; margin-top: 10px; background-color: #eb542b; color: white; padding: 10px 20px; border-radius: 6px; text-decoration: none; text-align: center;\" href=\"https:\/\/levriers-du-sud.org\/boutique\/commander\/\">Commander<\/a><\/p>\n<\/div>\n<\/div>\n<\/section>\n<section style=\"max-width: 1000px; margin: 40px auto;\">\n<div style=\"display: flex; flex-wrap: wrap; gap: 20px; align-items: center; background-color: #fff3ed; padding: 20px; border-radius: 10px; box-shadow: 0 4px 8px rgba(0,0,0,0.05);\">\n<div style=\"flex: 1; min-width: 280px; text-align: center;\"><img decoding=\"async\" style=\"width: 300px; height: 300px; object-fit: cover; border-radius: 8px;\" src=\"https:\/\/levriers-du-sud.org\/boutique\/wp-content\/uploads\/2025\/06\/Gobelets-15-ans-2E-fdp.jpg\" alt=\"GOBELETS \" \/><\/div>\n<div style=\"flex: 2; min-width: 280px;\">\n<p style=\"font-size: 18px;\">Gobelets <em><strong>15 ans L\u00e9vriers du Sud<\/strong><\/em><\/p>\n<p style=\"font-size: 20px; font-weight: bold; color: #eb542b;\">2 \u20ac l&rsquo;unit\u00e9 + frais de port<\/p>\n<p><a style=\"display: inline-block; width: 160px; margin-top: 10px; background-color: #eb542b; color: white; padding: 10px 20px; border-radius: 6px; text-decoration: none; text-align: center;\" href=\"https:\/\/levriers-du-sud.org\/boutique\/commander\/\">Commander<\/a><\/p>\n<\/div>\n<\/div>\n<\/section>\n<section style=\"max-width: 1000px; margin: 40px auto;\">\n<div style=\"display: flex; flex-wrap: wrap; gap: 20px; align-items: center; background-color: #fff3ed; padding: 20px; border-radius: 10px; box-shadow: 0 4px 8px rgba(0,0,0,0.05);\">\n<div style=\"flex: 1; min-width: 280px; text-align: center;\"><img decoding=\"async\" style=\"width: 300px; height: 300px; object-fit: cover; border-radius: 8px;\" src=\"https:\/\/levriers-du-sud.org\/boutique\/wp-content\/uploads\/2025\/06\/Gourdes-15-ans-10E-fdp.jpg\" alt=\"gourdes \" \/><\/div>\n<div style=\"flex: 2; min-width: 280px;\">\n<p style=\"font-size: 18px;\">Gourdes <em><strong>15 ans L\u00e9vriers du Sud<\/strong><\/em><\/p>\n<p style=\"font-size: 20px; font-weight: bold; color: #eb542b;\">10 \u20ac + frais de port<\/p>\n<p><a style=\"display: inline-block; width: 160px; margin-top: 10px; background-color: #eb542b; color: white; padding: 10px 20px; border-radius: 6px; text-decoration: none; text-align: center;\" href=\"https:\/\/levriers-du-sud.org\/boutique\/commander\/\">Commander<\/a><\/p>\n<\/div>\n<\/div>\n<\/section>\n<section style=\"max-width: 1000px; margin: 40px auto;\">\n<div style=\"display: flex; flex-wrap: wrap; gap: 20px; align-items: center; background-color: #fff3ed; padding: 20px; border-radius: 10px; box-shadow: 0 4px 8px rgba(0,0,0,0.05);\">\n<div style=\"flex: 1; min-width: 280px; text-align: center;\"><img decoding=\"async\" style=\"width: 300px; height: 300px; object-fit: cover; border-radius: 8px;\" src=\"https:\/\/levriers-du-sud.org\/boutique\/wp-content\/uploads\/2025\/06\/Peluche-crochet-14cm-15-ans-LDS-15-E-fdp-2.jpg\" alt=\"peluche \" \/><\/div>\n<div style=\"flex: 2; min-width: 280px;\">\n<p style=\"font-size: 18px;\">Peluche 14 cm <em><strong>15 ans L\u00e9vriers du Sud<\/strong><\/em><\/p>\n<p style=\"font-size: 20px; font-weight: bold; color: #eb542b;\">15 \u20ac + frais de port<\/p>\n<p><a style=\"display: inline-block; width: 160px; margin-top: 10px; background-color: #eb542b; color: white; padding: 10px 20px; border-radius: 6px; text-decoration: none; text-align: center;\" href=\"https:\/\/levriers-du-sud.org\/boutique\/commander\/\">Commander<\/a><\/p>\n<\/div>\n<\/div>\n<\/section>\n<section style=\"max-width: 1000px; margin: 40px auto;\">\n<div style=\"display: flex; flex-wrap: wrap; gap: 20px; align-items: center; background-color: #fff3ed; padding: 20px; border-radius: 10px; box-shadow: 0 4px 8px rgba(0,0,0,0.05);\">\n<div style=\"flex: 1; min-width: 280px; text-align: center;\"><img decoding=\"async\" style=\"width: 300px; height: 300px; object-fit: cover; border-radius: 8px;\" src=\"https:\/\/levriers-du-sud.org\/boutique\/wp-content\/uploads\/2025\/06\/Peluche-crochet-22cm-15-ans-LDS-20-E-fdp-1.jpg\" alt=\"peluche \" \/><\/div>\n<div style=\"flex: 2; min-width: 280px;\">\n<p style=\"font-size: 18px;\">Peluche 22 cm <em><strong>15 ans L\u00e9vriers du Sud<\/strong><\/em><\/p>\n<p style=\"font-size: 20px; font-weight: bold; color: #eb542b;\">20 \u20ac + frais de port<\/p>\n<p><a style=\"display: inline-block; width: 160px; margin-top: 10px; background-color: #eb542b; color: white; padding: 10px 20px; border-radius: 6px; text-decoration: none; text-align: center;\" href=\"https:\/\/levriers-du-sud.org\/boutique\/commander\/\">Commander<\/a><\/p>\n<\/div>\n<\/div>\n<\/section>\n<section style=\"max-width: 1000px; margin: 40px auto;\">\n<div style=\"display: flex; flex-wrap: wrap; gap: 20px; align-items: center; background-color: #fff3ed; padding: 20px; border-radius: 10px; box-shadow: 0 4px 8px rgba(0,0,0,0.05);\">\n<div style=\"flex: 1; min-width: 280px; text-align: center;\"><img decoding=\"async\" style=\"width: 300px; height: 300px; object-fit: cover; border-radius: 8px;\" src=\"https:\/\/levriers-du-sud.org\/boutique\/wp-content\/uploads\/2025\/06\/Portes-clef-15-ans-3E-fdp-scaled.jpg\" alt=\"porte-clefs \" \/><\/div>\n<div style=\"flex: 2; min-width: 280px;\">\n<p style=\"font-size: 18px;\">Porte-clefs <em><strong>15 ans L\u00e9vriers du Sud<\/strong><\/em><\/p>\n<p style=\"font-size: 20px; font-weight: bold; color: #eb542b;\">3 \u20ac l&rsquo;unit\u00e9 + frais de port<\/p>\n<p><a style=\"display: inline-block; width: 160px; margin-top: 10px; background-color: #eb542b; color: white; padding: 10px 20px; border-radius: 6px; text-decoration: none; text-align: center;\" href=\"https:\/\/levriers-du-sud.org\/boutique\/commander\/\">Commander<\/a><\/p>\n<\/div>\n<\/div>\n<\/section>\n<section style=\"max-width: 1000px; margin: 40px auto;\">\n<div style=\"display: flex; flex-wrap: wrap; gap: 20px; align-items: center; background-color: #fff3ed; padding: 20px; border-radius: 10px; box-shadow: 0 4px 8px rgba(0,0,0,0.05);\">\n<div style=\"flex: 1; min-width: 280px; text-align: center;\"><img decoding=\"async\" style=\"width: 300px; height: 300px; object-fit: cover; border-radius: 8px;\" src=\"https:\/\/levriers-du-sud.org\/boutique\/wp-content\/uploads\/2025\/06\/Tasses-15-ans-10E-fdp-scaled.jpg\" alt=\"Tasse \" \/><\/div>\n<div style=\"flex: 2; min-width: 280px;\">\n<p style=\"font-size: 18px;\">Tasse <em><strong>15 ans L\u00e9vriers du Sud<\/strong><\/em><\/p>\n<p style=\"font-size: 20px; font-weight: bold; color: #eb542b;\">10 \u20ac l\u2019unit\u00e9 + frais de port<\/p>\n<p><a style=\"display: inline-block; width: 160px; margin-top: 10px; background-color: #eb542b; color: white; padding: 10px 20px; border-radius: 6px; text-decoration: none; text-align: center;\" href=\"https:\/\/levriers-du-sud.org\/boutique\/commander\/\">Commander<\/a><\/p>\n<\/div>\n<\/div>\n<\/section>\n<section style=\"max-width: 1000px; margin: 40px auto;\">\n<div style=\"display: flex; flex-wrap: wrap; gap: 20px; align-items: center; background-color: #fff3ed; padding: 20px; border-radius: 10px; box-shadow: 0 4px 8px rgba(0,0,0,0.05);\">\n<div style=\"flex: 1; min-width: 280px; text-align: center;\"><img decoding=\"async\" style=\"width: 300px; height: 300px; object-fit: cover; border-radius: 8px;\" src=\"https:\/\/levriers-du-sud.org\/boutique\/wp-content\/uploads\/2025\/06\/Marcel-15-ans-T.-S-10E-fdp-.jpg\" alt=\"Marcel \" \/><\/div>\n<div style=\"flex: 2; min-width: 280px;\">\n<p style=\"font-size: 18px;\">Marcel <em><strong>15 ans L\u00e9vriers du Sud<\/strong><\/em><\/p>\n<p>Disponibles en taille S, M et L<\/p>\n<p style=\"font-size: 20px; font-weight: bold; color: #eb542b;\">10 \u20ac + frais de port<\/p>\n<p><a style=\"display: inline-block; width: 160px; margin-top: 10px; background-color: #eb542b; color: white; padding: 10px 20px; border-radius: 6px; text-decoration: none; text-align: center;\" href=\"https:\/\/levriers-du-sud.org\/boutique\/commander\/\">Commander<\/a><\/p>\n<\/div>\n<\/div>\n<\/section>\n<section style=\"max-width: 1000px; margin: 40px auto;\">\n<div style=\"display: flex; flex-wrap: wrap; gap: 20px; align-items: center; background-color: #fff3ed; padding: 20px; border-radius: 10px; box-shadow: 0 4px 8px rgba(0,0,0,0.05);\">\n<div style=\"flex: 1; min-width: 280px; text-align: center;\"><img decoding=\"async\" style=\"width: 300px; height: 300px; object-fit: cover; border-radius: 8px;\" src=\"https:\/\/levriers-du-sud.org\/boutique\/wp-content\/uploads\/2025\/06\/Tee-shirt-blanc-15-ans-T.-L-12E-fdp.jpg\" alt=\"tee shirt blanc \" \/><\/div>\n<div style=\"flex: 2; min-width: 280px;\">\n<p style=\"font-size: 18px;\">Tee shirt blanc <em><strong>15 ans L\u00e9vriers du Sud<\/strong><\/em><\/p>\n<p>disponibles en L<\/p>\n<p style=\"font-size: 20px; font-weight: bold; color: #eb542b;\">12 \u20ac + frais de port<\/p>\n<p><a style=\"display: inline-block; width: 160px; margin-top: 10px; background-color: #eb542b; color: white; padding: 10px 20px; border-radius: 6px; text-decoration: none; text-align: center;\" href=\"https:\/\/levriers-du-sud.org\/boutique\/commander\/\">Commander<\/a><\/p>\n<\/div>\n<\/div>\n<\/section>\n<section style=\"max-width: 1000px; margin: 40px auto;\">\n<div style=\"display: flex; flex-wrap: wrap; gap: 20px; align-items: center; background-color: #fff3ed; padding: 20px; border-radius: 10px; box-shadow: 0 4px 8px rgba(0,0,0,0.05);\">\n<div style=\"flex: 1; min-width: 280px; text-align: center;\"><img decoding=\"async\" style=\"width: 300px; height: 300px; object-fit: cover; border-radius: 8px;\" src=\"https:\/\/levriers-du-sud.org\/boutique\/wp-content\/uploads\/2025\/06\/Tee-shirt-blanc-15-ans-T.-3-4-ans-7E-fdp.jpg\" alt=\"tee shirt blanc \" \/><\/div>\n<div style=\"flex: 2; min-width: 280px;\">\n<p style=\"font-size: 18px;\">tee shirt blanc <em><strong>15 ans L\u00e9vriers du Sud<\/strong><\/em><\/p>\n<p>disponibles en 3-4 ans (98\/104)<\/p>\n<p style=\"font-size: 20px; font-weight: bold; color: #eb542b;\">7 \u20ac + frais de port<\/p>\n<p><a style=\"display: inline-block; width: 160px; margin-top: 10px; background-color: #eb542b; color: white; padding: 10px 20px; border-radius: 6px; text-decoration: none; text-align: center;\" href=\"https:\/\/levriers-du-sud.org\/boutique\/commander\/\">Commander<\/a><\/p>\n<\/div>\n<\/div>\n<\/section>\n<section style=\"max-width: 1000px; margin: 40px auto;\">\n<div style=\"display: flex; flex-wrap: wrap; gap: 20px; align-items: center; background-color: #fff3ed; padding: 20px; border-radius: 10px; box-shadow: 0 4px 8px rgba(0,0,0,0.05);\">\n<div style=\"flex: 1; min-width: 280px; text-align: center;\"><img decoding=\"async\" style=\"width: 300px; height: 300px; object-fit: cover; border-radius: 8px;\" src=\"https:\/\/levriers-du-sud.org\/boutique\/wp-content\/uploads\/2025\/06\/Tee-shirt-gris-15-ans-T.-M-12E-fdp.jpg\" alt=\"tee shirt gris \" \/><br \/>\n<img decoding=\"async\" style=\"width: 300px; height: 300px; object-fit: cover; border-radius: 8px;\" src=\"https:\/\/levriers-du-sud.org\/boutique\/wp-content\/uploads\/2025\/06\/Tee-shirt-gris-15-ans-T.-L-12E-fdp.jpg\" alt=\"tee shirt gris\" \/><\/div>\n<div style=\"flex: 2; min-width: 280px;\">\n<p style=\"font-size: 18px;\">tee shirt gris <em><strong>15 ans L\u00e9vriers du Sud<\/strong><\/em><\/p>\n<p>disponibles en S, M et L<\/p>\n<p style=\"font-size: 20px; font-weight: bold; color: #eb542b;\">12 \u20ac + frais de port<\/p>\n<p><a style=\"display: inline-block; width: 160px; margin-top: 10px; background-color: #eb542b; color: white; padding: 10px 20px; border-radius: 6px; text-decoration: none; text-align: center;\" href=\"https:\/\/levriers-du-sud.org\/boutique\/commander\/\">Commander<\/a><\/p>\n<\/div>\n<\/div>\n<\/section>\n","protected":false},"excerpt":{"rendered":"<p>L\u00e9vriers du Sud f\u00eate ses 15 ans ! Cette ann\u00e9e, notre association c\u00e9l\u00e8bre 15 ann\u00e9es de sauvetages, de rencontres, de<\/p>\n","protected":false},"author":2,"featured_media":0,"parent":0,"menu_order":0,"comment_status":"closed","ping_status":"closed","template":"","meta":{"footnotes":""},"class_list":["post-11228","page","type-page","status-publish","hentry"],"_links":{"self":[{"href":"https:\/\/levriers-du-sud.org\/boutique\/wp-json\/wp\/v2\/pages\/11228"}],"collection":[{"href":"https:\/\/levriers-du-sud.org\/boutique\/wp-json\/wp\/v2\/pages"}],"about":[{"href":"https:\/\/levriers-du-sud.org\/boutique\/wp-json\/wp\/v2\/types\/page"}],"author":[{"embeddable":true,"href":"https:\/\/levriers-du-sud.org\/boutique\/wp-json\/wp\/v2\/users\/2"}],"replies":[{"embeddable":true,"href":"https:\/\/levriers-du-sud.org\/boutique\/wp-json\/wp\/v2\/comments?post=11228"}],"version-history":[{"count":15,"href":"https:\/\/levriers-du-sud.org\/boutique\/wp-json\/wp\/v2\/pages\/11228\/revisions"}],"predecessor-version":[{"id":11260,"href":"https:\/\/levriers-du-sud.org\/boutique\/wp-json\/wp\/v2\/pages\/11228\/revisions\/11260"}],"wp:attachment":[{"href":"https:\/\/levriers-du-sud.org\/boutique\/wp-json\/wp\/v2\/media?parent=11228"}],"curies":[{"name":"wp","href":"https:\/\/api.w.org\/{rel}","templated":true}]}}