{"id":9264,"date":"2024-05-04T13:09:34","date_gmt":"2024-05-04T11:09:34","guid":{"rendered":"https:\/\/levriers-du-sud.org\/boutique\/?page_id=9264"},"modified":"2025-12-06T11:37:57","modified_gmt":"2025-12-06T10:37:57","slug":"les-bijoux","status":"publish","type":"page","link":"https:\/\/levriers-du-sud.org\/boutique\/les-bijoux\/","title":{"rendered":"<h1><span style=\"color: #eb542b;\"><strong>LES BIJOUX<\/strong><\/span><\/h1>"},"content":{"rendered":"<section style=\"max-width: 900px; margin: 40px auto; font-family: Arial, sans-serif;\"><!-- d\u00e9claration du titre de la section et de la page --><br \/>\nPour toutes commandes ou questions, veuillez nous envoyer le nom de l&rsquo;article concern\u00e9 par mail \u00e0 <a href=\"mailto:boutiquelds@gmail.com\">boutiquelds@gmail.com<\/a> et suivre les instructions que vous trouverez dans l&rsquo;onglet <a href=\"https:\/\/levriers-du-sud.org\/boutique\/commander\/\">\u00ab\u00a0COMMANDER\u00a0\u00bb<\/a><\/p>\n<h2 style=\"color: #eb542b;\">LES BIJOUX SECONDE MAIN<\/h2>\n<p style=\"color: #000000;\">Un grand merci \u00e0 Patricia, l\u2019une de nos fid\u00e8les b\u00e9n\u00e9vole, pour ce don de bijoux !<\/p>\n<p>Ils n\u2019ont \u00e9t\u00e9 que tr\u00e8s rarement port\u00e9s et sont donc comme neufs ! Vous ne verrez pas la diff\u00e9rence<\/p>\n<p><!-- Parure Salamandres --><\/p>\n<div style=\"display: flex; background-color: #fff2ec; border-radius: 12px; padding: 20px; margin-bottom: 30px;\">\n<p><img decoding=\"async\" style=\"width: 200px; height: auto; border-radius: 10px;\" src=\"https:\/\/levriers-du-sud.org\/boutique\/wp-content\/uploads\/2025\/03\/Parure-salamandre-5E.jpg\" alt=\"Parure Salamandres\" \/><\/p>\n<div style=\"margin-left: 20px; display: flex; flex-direction: column; justify-content: center;\">\n<p><strong>Parure Salamandres<\/strong><\/p>\n<p>5 \u20ac + frais de port<\/p>\n<p><a style=\"display: inline-block; width: 160px; margin-top: 10px; background-color: #eb542b; color: white; padding: 10px 20px; border-radius: 6px; text-decoration: none; text-align: center;\" href=\"https:\/\/levriers-du-sud.org\/boutique\/commander\/\">Commander<\/a><\/p>\n<\/div>\n<\/div>\n<p><!-- Broche Bisou --><\/p>\n<div style=\"display: flex; background-color: #fff2ec; border-radius: 12px; padding: 20px; margin-top: 30px; margin-bottom: 30px;\">\n<p><img decoding=\"async\" style=\"width: 200px; height: auto; border-radius: 10px;\" src=\"https:\/\/levriers-du-sud.org\/boutique\/wp-content\/uploads\/2025\/03\/Broche-bisou-5E-225x300.jpg\" alt=\"Broche Bisou\" \/><\/p>\n<div style=\"margin-left: 20px; display: flex; flex-direction: column; justify-content: center;\">\n<p><strong>Broche Bisou<\/strong><\/p>\n<p>5 \u20ac + frais de port<\/p>\n<p><a style=\"display: inline-block; width: 160px; margin-top: 10px; background-color: #eb542b; color: white; padding: 10px 20px; border-radius: 6px; text-decoration: none; text-align: center;\" href=\"https:\/\/levriers-du-sud.org\/boutique\/commander\/\">Commander<\/a><\/p>\n<\/div>\n<\/div>\n<p><!-- Collier Africain --><\/p>\n<div style=\"display: flex; background-color: #fff2ec; border-radius: 12px; padding: 20px; margin-top: 30px; margin-bottom: 30px;\">\n<p><img decoding=\"async\" style=\"width: 200px; height: auto; border-radius: 10px;\" src=\"https:\/\/levriers-du-sud.org\/boutique\/wp-content\/uploads\/2025\/03\/Collier-africain-pendentif-graine-5E-225x300.jpg\" alt=\"Collier Africain \" \/><\/p>\n<div style=\"margin-left: 20px; display: flex; flex-direction: column; justify-content: center;\">\n<p><strong>Collier Africain<\/strong><\/p>\n<p>5 \u20ac + frais de port<\/p>\n<p><a style=\"display: inline-block; width: 160px; margin-top: 10px; background-color: #eb542b; color: white; padding: 10px 20px; border-radius: 6px; text-decoration: none; text-align: center;\" href=\"https:\/\/levriers-du-sud.org\/boutique\/commander\/\">Commander<\/a><\/p>\n<\/div>\n<\/div>\n<p><!--Collier Fleur bleue --><\/p>\n<div style=\"display: flex; background-color: #fff2ec; border-radius: 12px; padding: 20px; margin-top: 30px; margin-bottom: 30px;\">\n<p><img decoding=\"async\" style=\"width: 200px; height: auto; border-radius: 10px;\" src=\"https:\/\/levriers-du-sud.org\/boutique\/wp-content\/uploads\/2025\/03\/Collier-fleur-bleue-5E-225x300.jpg\" alt=\"parure bleu et or\" \/><\/p>\n<div style=\"margin-left: 20px; display: flex; flex-direction: column; justify-content: center;\">\n<p><strong>Collier Fleur bleue<\/strong><\/p>\n<p>5 \u20ac + frais de port<\/p>\n<p><a style=\"display: inline-block; width: 160px; margin-top: 10px; background-color: #eb542b; color: white; padding: 10px 20px; border-radius: 6px; text-decoration: none; text-align: center;\" href=\"https:\/\/levriers-du-sud.org\/boutique\/commander\/\">Commander<\/a><\/p>\n<\/div>\n<\/div>\n<p><!-- Parure artisanale Mille fleurs --><\/p>\n<div style=\"display: flex; background-color: #fff2ec; border-radius: 12px; padding: 20px; margin-top: 30px; margin-bottom: 30px;\">\n<p><img decoding=\"async\" style=\"width: 200px; height: auto; border-radius: 10px;\" src=\"https:\/\/levriers-du-sud.org\/boutique\/wp-content\/uploads\/2025\/03\/Parure-artisanale-mille-fleurs-5E-225x300.jpg\" alt=\"Parure artisanale Mille fleurs\" \/><\/p>\n<div style=\"margin-left: 20px; display: flex; flex-direction: column; justify-content: center;\">\n<p><strong>Parure artisanale Mille fleurs<\/strong><\/p>\n<p>5 \u20ac + frais de port<\/p>\n<p><a style=\"display: inline-block; width: 160px; margin-top: 10px; background-color: #eb542b; color: white; padding: 10px 20px; border-radius: 6px; text-decoration: none; text-align: center;\" href=\"https:\/\/levriers-du-sud.org\/boutique\/commander\/\">Commander<\/a><\/p>\n<\/div>\n<\/div>\n<h2 style=\"color: #eb542b;\">LES BRACELETS<\/h2>\n<p style=\"color: #000000;\">Ces jolis bracelets sont faits par Maryline, pr\u00e9sidente de l&rsquo;association des \u00ab\u00a0L\u00e9vriers du Sud\u00a0\u00bb<\/p>\n<p><!-- Bracelet multicolore --><\/p>\n<div style=\"display: flex; background-color: #fff2ec; border-radius: 12px; padding: 20px; margin-bottom: 30px;\">\n<p><img decoding=\"async\" style=\"width: 200px; height: auto; border-radius: 10px;\" src=\"https:\/\/levriers-du-sud.org\/boutique\/wp-content\/uploads\/2025\/02\/Bracelet-coeur-multicolore-5E-2-300x282.jpg\" alt=\"Bracelet multicolore avec c\u0153ur\" \/><\/p>\n<div style=\"margin-left: 20px; display: flex; flex-direction: column; justify-content: center;\">\n<p><strong>Bracelet multicolore avec c\u0153ur<\/strong><\/p>\n<p>5 \u20ac + 2 \u20ac f.d.p.<\/p>\n<p><a style=\"display: inline-block; width: 160px; margin-top: 10px; background-color: #eb542b; color: white; padding: 10px 20px; border-radius: 6px; text-decoration: none; text-align: center;\" href=\"https:\/\/levriers-du-sud.org\/boutique\/commander\/\">Commander<\/a><\/p>\n<\/div>\n<\/div>\n<p><em><strong>Comme dans la vie il faut toujours garder espoir porter un petit sourire avec soi nous portera bonheur<\/strong><\/em><\/p>\n<p><!-- Sourire orange --><\/p>\n<div style=\"display: flex; background-color: #fff2ec; border-radius: 12px; padding: 20px; margin-top: 30px; margin-bottom: 30px;\">\n<p><img decoding=\"async\" style=\"width: 200px; height: auto; border-radius: 10px;\" src=\"https:\/\/levriers-du-sud.org\/boutique\/wp-content\/uploads\/2024\/08\/Sourire-orange-300x225.jpg\" alt=\"Sourire orange\" \/><\/p>\n<div style=\"margin-left: 20px; display: flex; flex-direction: column; justify-content: center;\">\n<p><strong>Sourire orange<\/strong><\/p>\n<p>5 \u20ac + 2 \u20ac f.d.p.<\/p>\n<p><a style=\"display: inline-block; width: 160px; margin-top: 10px; background-color: #eb542b; color: white; padding: 10px 20px; border-radius: 6px; text-decoration: none; text-align: center;\" href=\"https:\/\/levriers-du-sud.org\/boutique\/commander\/\">Commander<\/a><\/p>\n<\/div>\n<\/div>\n<p><!-- Sourire saumon --><\/p>\n<div style=\"display: flex; background-color: #fff2ec; border-radius: 12px; padding: 20px; margin-bottom: 30px;\">\n<p><img decoding=\"async\" style=\"width: 200px; height: auto; border-radius: 10px;\" src=\"https:\/\/levriers-du-sud.org\/boutique\/wp-content\/uploads\/2024\/08\/Sourire-saumon-300x225.jpg\" alt=\"Sourire saumon\" \/><\/p>\n<div style=\"margin-left: 20px; display: flex; flex-direction: column; justify-content: center;\">\n<p><strong>Sourire saumon<\/strong><\/p>\n<p>5 \u20ac + 2 \u20ac f.d.p.<\/p>\n<p><a style=\"display: inline-block; width: 160px; margin-top: 10px; background-color: #eb542b; color: white; padding: 10px 20px; border-radius: 6px; text-decoration: none; text-align: center;\" href=\"https:\/\/levriers-du-sud.org\/boutique\/commander\/\">Commander<\/a><\/p>\n<\/div>\n<\/div>\n<p><!-- Sourire vert --><\/p>\n<div style=\"display: flex; background-color: #fff2ec; border-radius: 12px; padding: 20px; margin-bottom: 30px;\">\n<p><img decoding=\"async\" style=\"width: 200px; height: auto; border-radius: 10px;\" src=\"https:\/\/levriers-du-sud.org\/boutique\/wp-content\/uploads\/2024\/08\/Sourire-vert-300x225.jpg\" alt=\"Sourire vert\" \/><\/p>\n<div style=\"margin-left: 20px; display: flex; flex-direction: column; justify-content: center;\">\n<p><strong>Sourire vert<\/strong><\/p>\n<p>5 \u20ac + 2 \u20ac f.d.p.<\/p>\n<p><a style=\"display: inline-block; width: 160px; margin-top: 10px; background-color: #eb542b; color: white; padding: 10px 20px; border-radius: 6px; text-decoration: none; text-align: center;\" href=\"https:\/\/levriers-du-sud.org\/boutique\/commander\/\">Commander<\/a><\/p>\n<\/div>\n<\/div>\n<p><!-- Sourire bleu et blanc --><\/p>\n<div style=\"display: flex; background-color: #fff2ec; border-radius: 12px; padding: 20px; margin-bottom: 30px;\">\n<p><img decoding=\"async\" style=\"width: 200px; height: auto; border-radius: 10px;\" src=\"https:\/\/levriers-du-sud.org\/boutique\/wp-content\/uploads\/2024\/08\/Sourire-bleu-et-blanc-300x225.jpg\" alt=\"Sourire bleu et blanc\" \/><\/p>\n<div style=\"margin-left: 20px; display: flex; flex-direction: column; justify-content: center;\">\n<p><strong>Sourire bleu et blanc<\/strong><\/p>\n<p>5 \u20ac + 2 \u20ac f.d.p.<\/p>\n<p><a style=\"display: inline-block; width: 160px; margin-top: 10px; background-color: #eb542b; color: white; padding: 10px 20px; border-radius: 6px; text-decoration: none; text-align: center;\" href=\"https:\/\/levriers-du-sud.org\/boutique\/commander\/\">Commander<\/a><\/p>\n<\/div>\n<\/div>\n<p><!-- Sourire bleu --><\/p>\n<div style=\"display: flex; background-color: #fff2ec; border-radius: 12px; padding: 20px; margin-bottom: 30px;\">\n<p><img decoding=\"async\" style=\"width: 200px; height: auto; border-radius: 10px;\" src=\"https:\/\/levriers-du-sud.org\/boutique\/wp-content\/uploads\/2024\/08\/Sourire-bleu-300x225.jpg\" alt=\"Sourire bleu\" \/><\/p>\n<div style=\"margin-left: 20px; display: flex; flex-direction: column; justify-content: center;\">\n<p><strong>Sourire bleu<\/strong><\/p>\n<p>5 \u20ac + 2 \u20ac f.d.p.<\/p>\n<p><a style=\"display: inline-block; width: 160px; margin-top: 10px; background-color: #eb542b; color: white; padding: 10px 20px; border-radius: 6px; text-decoration: none; text-align: center;\" href=\"https:\/\/levriers-du-sud.org\/boutique\/commander\/\">Commander<\/a><\/p>\n<\/div>\n<\/div>\n<p><!-- Sourire jaune --><\/p>\n<div style=\"display: flex; background-color: #fff2ec; border-radius: 12px; padding: 20px; margin-bottom: 30px;\">\n<p><img decoding=\"async\" style=\"width: 200px; height: auto; border-radius: 10px;\" src=\"https:\/\/levriers-du-sud.org\/boutique\/wp-content\/uploads\/2024\/08\/Sourire-jaune-300x225.jpg\" alt=\"Sourire jaune\" \/><\/p>\n<div style=\"margin-left: 20px; display: flex; flex-direction: column; justify-content: center;\">\n<p><strong>Sourire jaune<\/strong><\/p>\n<p>5 \u20ac + 2 \u20ac f.d.p.<\/p>\n<p><a style=\"display: inline-block; width: 160px; margin-top: 10px; background-color: #eb542b; color: white; padding: 10px 20px; border-radius: 6px; text-decoration: none; text-align: center;\" href=\"https:\/\/levriers-du-sud.org\/boutique\/commander\/\">Commander<\/a><\/p>\n<\/div>\n<\/div>\n<p><strong><em>Parce que dans nos c\u0153urs il y a toujours un l\u00e9vrier, parti dans les \u00e9toiles ou \u00e0 nos c\u00f4t\u00e9s, bracelet de soutien \u00e0 tous ceux qui souffrent encore en Espagne.<\/em><\/strong><\/p>\n<p><!-- Perles carr\u00e9es (beige) --><\/p>\n<div style=\"display: flex; background-color: #fff2ec; border-radius: 12px; padding: 20px; margin-top: 30px; margin-bottom: 30px;\">\n<p><img decoding=\"async\" style=\"width: 200px; height: auto; border-radius: 10px;\" src=\"https:\/\/levriers-du-sud.org\/boutique\/wp-content\/uploads\/2024\/06\/Bracelet-carres-beiges-Galgo-Maryline-225x300.jpg\" alt=\"Perles carr\u00e9es (beige)\" \/><\/p>\n<div style=\"margin-left: 20px; display: flex; flex-direction: column; justify-content: center;\">\n<p><strong>Perles carr\u00e9es (beige)<\/strong><\/p>\n<p>7 \u20ac + 2 \u20ac f.d.p.<\/p>\n<p><a style=\"display: inline-block; width: 160px; margin-top: 10px; background-color: #eb542b; color: white; padding: 10px 20px; border-radius: 6px; text-decoration: none; text-align: center;\" href=\"https:\/\/levriers-du-sud.org\/boutique\/commander\/\">Commander<\/a><\/p>\n<\/div>\n<\/div>\n<p><!-- Perles carr\u00e9es (violet) --><\/p>\n<div style=\"display: flex; background-color: #fff2ec; border-radius: 12px; padding: 20px; margin-bottom: 30px;\">\n<p><img decoding=\"async\" style=\"width: 200px; height: auto; border-radius: 10px;\" src=\"https:\/\/levriers-du-sud.org\/boutique\/wp-content\/uploads\/2024\/06\/Bracelet-carres-violets-Galgo-Maryline-225x300.jpg\" alt=\"Perles carr\u00e9es (violet)\" \/><\/p>\n<div style=\"margin-left: 20px; display: flex; flex-direction: column; justify-content: center;\">\n<p><strong>Perles carr\u00e9es (violet)<\/strong><\/p>\n<p>7 \u20ac + 2 \u20ac f.d.p.<\/p>\n<p><a style=\"display: inline-block; width: 160px; margin-top: 10px; background-color: #eb542b; color: white; padding: 10px 20px; border-radius: 6px; text-decoration: none; text-align: center;\" href=\"https:\/\/levriers-du-sud.org\/boutique\/commander\/\">Commander<\/a><\/p>\n<\/div>\n<\/div>\n<p><!-- Perles carr\u00e9es (vert) --><\/p>\n<div style=\"display: flex; background-color: #fff2ec; border-radius: 12px; padding: 20px; margin-bottom: 30px;\">\n<p><img decoding=\"async\" style=\"width: 200px; height: auto; border-radius: 10px;\" src=\"https:\/\/levriers-du-sud.org\/boutique\/wp-content\/uploads\/2024\/06\/Bracelet-carres-verts-Galgo-Maryline-225x300.jpg\" alt=\"Perles carr\u00e9es (vert)\" \/><\/p>\n<div style=\"margin-left: 20px; display: flex; flex-direction: column; justify-content: center;\">\n<p><strong>Perles carr\u00e9es (vert)<\/strong><\/p>\n<p>7 \u20ac + 2 \u20ac f.d.p.<\/p>\n<p><a style=\"display: inline-block; width: 160px; margin-top: 10px; background-color: #eb542b; color: white; padding: 10px 20px; border-radius: 6px; text-decoration: none; text-align: center;\" href=\"https:\/\/levriers-du-sud.org\/boutique\/commander\/\">Commander<\/a><\/p>\n<\/div>\n<\/div>\n<p><!-- Perles rondes, c\u0153ur dor\u00e9 --><\/p>\n<div style=\"display: flex; background-color: #fff2ec; border-radius: 12px; padding: 20px; margin-bottom: 30px;\">\n<p><img decoding=\"async\" style=\"width: 200px; height: auto; border-radius: 10px;\" src=\"https:\/\/levriers-du-sud.org\/boutique\/wp-content\/uploads\/2024\/06\/Bracelet-coeur-dore-Galgo-Maryline-225x300.jpg\" alt=\"Perles rondes, c\u0153ur dor\u00e9\" \/><\/p>\n<div style=\"margin-left: 20px; display: flex; flex-direction: column; justify-content: center;\">\n<p><strong>Perles rondes, c\u0153ur dor\u00e9<\/strong><\/p>\n<p>5 \u20ac + 2 \u20ac f.d.p.<\/p>\n<p><a style=\"display: inline-block; width: 160px; margin-top: 10px; background-color: #eb542b; color: white; padding: 10px 20px; border-radius: 6px; text-decoration: none; text-align: center;\" href=\"https:\/\/levriers-du-sud.org\/boutique\/commander\/\">Commander<\/a><\/p>\n<\/div>\n<\/div>\n<p><!-- Perles rondes, c\u0153ur argent\u00e9 --><\/p>\n<div style=\"display: flex; background-color: #fff2ec; border-radius: 12px; padding: 20px; margin-bottom: 30px;\">\n<p><img decoding=\"async\" style=\"width: 200px; height: auto; border-radius: 10px;\" src=\"https:\/\/levriers-du-sud.org\/boutique\/wp-content\/uploads\/2024\/06\/Bracelet-coeur-argente-Galgo-Maryline-225x300.jpg\" alt=\"Perles rondes, c\u0153ur argent\u00e9\" \/><\/p>\n<div style=\"margin-left: 20px; display: flex; flex-direction: column; justify-content: center;\">\n<p><strong>Perles rondes, c\u0153ur argent\u00e9<\/strong><\/p>\n<p>5 \u20ac + 2 \u20ac f.d.p.<\/p>\n<p><a style=\"display: inline-block; width: 160px; margin-top: 10px; background-color: #eb542b; color: white; padding: 10px 20px; border-radius: 6px; text-decoration: none; text-align: center;\" href=\"https:\/\/levriers-du-sud.org\/boutique\/commander\/\">Commander<\/a><\/p>\n<\/div>\n<\/div>\n<p><!-- Bo\u00eetes \u00e0 bagues --><\/p>\n<h2 style=\"color: #eb542b; margin-top: 50px;\">LES BO\u00ceTES \u00c0 BAGUE<\/h2>\n<p>Des petites bo\u00eetes qui sauront vous suivre partout !<\/p>\n<p><strong>1,50 \u20ac <\/strong>l&rsquo;unit\u00e9\u00a0<strong>frais de port inclus<\/strong><\/p>\n<div style=\"display: flex; gap: 20px; flex-wrap: wrap; margin-top: 20px;\">\n<div style=\"background-color: #fff2ec; border-radius: 12px; padding: 20px; width: 300px; text-align: center;\"><img decoding=\"async\" style=\"width: 100%; height: auto; border-radius: 10px;\" src=\"https:\/\/levriers-du-sud.org\/boutique\/wp-content\/uploads\/2025\/04\/Boites-a-bagues-150E-fdp-inclus-2-300x245.jpg\" alt=\"Bo\u00eete \u00e0 bague\" \/><\/div>\n<div style=\"background-color: #fff2ec; border-radius: 12px; padding: 20px; width: 300px; text-align: center;\"><img decoding=\"async\" style=\"width: 100%; height: auto; border-radius: 10px;\" src=\"https:\/\/levriers-du-sud.org\/boutique\/wp-content\/uploads\/2025\/04\/Boites-a-bagues-150E-fdp-inclus-1-300x300.jpg\" alt=\"Bo\u00eete \u00e0 bague\" \/><\/div>\n<\/div>\n<\/section>\n","protected":false},"excerpt":{"rendered":"<p>Pour toutes commandes ou questions, veuillez nous envoyer le nom de l&rsquo;article concern\u00e9 par mail \u00e0 boutiquelds@gmail.com et suivre les<\/p>\n","protected":false},"author":2,"featured_media":0,"parent":0,"menu_order":0,"comment_status":"closed","ping_status":"closed","template":"","meta":{"footnotes":""},"class_list":["post-9264","page","type-page","status-publish","hentry"],"_links":{"self":[{"href":"https:\/\/levriers-du-sud.org\/boutique\/wp-json\/wp\/v2\/pages\/9264"}],"collection":[{"href":"https:\/\/levriers-du-sud.org\/boutique\/wp-json\/wp\/v2\/pages"}],"about":[{"href":"https:\/\/levriers-du-sud.org\/boutique\/wp-json\/wp\/v2\/types\/page"}],"author":[{"embeddable":true,"href":"https:\/\/levriers-du-sud.org\/boutique\/wp-json\/wp\/v2\/users\/2"}],"replies":[{"embeddable":true,"href":"https:\/\/levriers-du-sud.org\/boutique\/wp-json\/wp\/v2\/comments?post=9264"}],"version-history":[{"count":25,"href":"https:\/\/levriers-du-sud.org\/boutique\/wp-json\/wp\/v2\/pages\/9264\/revisions"}],"predecessor-version":[{"id":11533,"href":"https:\/\/levriers-du-sud.org\/boutique\/wp-json\/wp\/v2\/pages\/9264\/revisions\/11533"}],"wp:attachment":[{"href":"https:\/\/levriers-du-sud.org\/boutique\/wp-json\/wp\/v2\/media?parent=9264"}],"curies":[{"name":"wp","href":"https:\/\/api.w.org\/{rel}","templated":true}]}}